{"id":2009,"date":"2025-10-30T14:20:31","date_gmt":"2025-10-30T18:20:31","guid":{"rendered":"https:\/\/wp.well-e.org\/publication\/alors-on-sort-caracterisation-de-lanticipation-des-vaches-laitieres-pour-un-acces-a-lexterieure\/"},"modified":"2026-04-28T23:41:17","modified_gmt":"2026-04-29T03:41:17","slug":"alors-on-sort-caracterisation-de-lanticipation-des-vaches-laitieres-pour-un-acces-a-lexterieure","status":"publish","type":"publication","link":"https:\/\/wp.well-e.org\/en\/publication\/alors-on-sort-caracterisation-de-lanticipation-des-vaches-laitieres-pour-un-acces-a-lexterieure\/","title":{"rendered":"Alors, on sort? Caract\u00e9risation de l&rsquo;anticipation des vaches laiti\u00e8res pour un acc\u00e8s \u00e0 l&rsquo;ext\u00e9rieure"},"content":{"rendered":"<p><strong>Authors:<\/strong> M. Cellier and N. Aigueperse and E. Vasseur<\/p>\n<p><strong>Date:<\/strong> 2023-10-01<\/p>\n<p><strong>Status:<\/strong> Published<\/p>\n<p><a href=\"https:\/\/www.oplait.org\/activites-galactinnov\" target=\"_blank\" rel=\"noopener\">View External Publication<\/a><\/p>\n<hr>\n<p>L&#039;acc\u00e8s r\u00e9gulier \u00e0 une aire d\u2019exercice ext\u00e9rieure peut \u00eatre vu comme un enrichissement, mais il n\u2019est pas clair comment les vaches le per\u00e7oivent. Notre \u00e9tude vise \u00e0 caract\u00e9riser les comportements d&#039;anticipation de vaches avec opportunit\u00e9s de mouvement limit\u00e9es quand un acc\u00e8s \u00e0 une aire d\u2019exercice ext\u00e9rieure leur est offert. Au cours de 2 essais ind\u00e9pendants, 32 vaches ont \u00e9t\u00e9 divis\u00e9es en 2 groupes : les contr\u00f4les (C; n=8 pour l\u2019essai 1 (E1) et l\u2019essai 2 (E2)) restant \u00e0 l&#039;int\u00e9rieur, et les traitements (T; n=8 pour E1 et E2) sortant \u00e0 l&#039;ext\u00e9rieur 5j\/sem pendant 8 semaines. Les sorties combinaient diff\u00e9rentes dur\u00e9es de sortie et superficies d\u2019aire. Des indices de sortie (e.g., pr\u00e9paration des all\u00e9es) ont \u00e9t\u00e9 mis en place 20min avant que les vaches ne sortent. Des enregistrements vid\u00e9o ont \u00e9t\u00e9 faits pendant cette p\u00e9riode pour relever les comportements li\u00e9s \u00e0 l\u2019activit\u00e9 g\u00e9n\u00e9rale (ex : manger, boire), les comportements anticipatoires (ex : regarder la porte, pi\u00e9tiner) ainsi que les positions des oreilles (ex : en avant). Le nombre de changements comportementaux et de positions d\u2019oreilles a \u00e9galement \u00e9t\u00e9 calcul\u00e9. Une analyse en composante principales a ensuite \u00e9t\u00e9 r\u00e9alis\u00e9e sur les fr\u00e9quences et les dur\u00e9es des comportements. Pour E1 et E2, les deux m\u00eames dimensions ont \u00e9t\u00e9 trouv\u00e9es : la dimension 1 opposant le repos \u00e0 l\u2019agitation, et la dimension 2 opposant la vigilance et le maintien de l\u2019activit\u00e9 habituelle. Lors de E1, les C \u00e9taient plut\u00f4t au repos et maintenaient leurs activit\u00e9s habituelles tandis que les T \u00e9taient plut\u00f4t agit\u00e9es et vigilantes. Au contraire, lors de E2, les C \u00e9taient plut\u00f4t agit\u00e9s (et maintenaient leurs activit\u00e9s habituelles) alors que les T \u00e9taient plut\u00f4t au repos (et vigilantes). \u00c9tudier des p\u00e9riodes cibl\u00e9es (ex : les 5 premi\u00e8res minutes apr\u00e8s les indices de sortie) ou utiliser d\u2019autres types d\u2019analyse (ex : les s\u00e9ries temporelles) pourrait permettre de mieux d\u00e9tailler et comprendre l&#039;anticipation. Combin\u00e9e \u00e0 des indicateurs comme la motivation, elle participerait \u00e0 \u00e9valuer la valence d\u2019un enrichissement pour les vaches.<\/p>","protected":false},"template":"","meta":{"_acf_changed":false,"_crdt_document":""},"class_list":["post-2009","publication","type-publication","status-publish","hentry"],"blocksy_meta":[],"acf":[],"yoast_head":"<!-- This site is optimized with the Yoast SEO plugin v27.4 - https:\/\/yoast.com\/product\/yoast-seo-wordpress\/ -->\n<title>Alors, on sort? Caract\u00e9risation de l&#039;anticipation des vaches laiti\u00e8res pour un acc\u00e8s \u00e0 l&#039;ext\u00e9rieure - WELL-E<\/title>\n<meta name=\"robots\" content=\"index, follow, max-snippet:-1, max-image-preview:large, max-video-preview:-1\" \/>\n<link rel=\"canonical\" href=\"https:\/\/wp.well-e.org\/en\/publication\/alors-on-sort-caracterisation-de-lanticipation-des-vaches-laitieres-pour-un-acces-a-lexterieure\/\" \/>\n<meta property=\"og:locale\" content=\"en_US\" \/>\n<meta property=\"og:type\" content=\"article\" \/>\n<meta property=\"og:title\" content=\"Alors, on sort? Caract\u00e9risation de l&#039;anticipation des vaches laiti\u00e8res pour un acc\u00e8s \u00e0 l&#039;ext\u00e9rieure - WELL-E\" \/>\n<meta property=\"og:description\" content=\"Authors: M. Cellier and N. Aigueperse and E. Vasseur Date: 2023-10-01 Status: Published View External Publication L&#039;acc\u00e8s r\u00e9gulier \u00e0 une aire d\u2019exercice ext\u00e9rieure peut \u00eatre vu comme un enrichissement, mais il n\u2019est pas clair comment les vaches le per\u00e7oivent. Notre \u00e9tude vise \u00e0 caract\u00e9riser les comportements d&#039;anticipation de vaches avec opportunit\u00e9s de mouvement limit\u00e9es quand [&hellip;]\" \/>\n<meta property=\"og:url\" content=\"https:\/\/wp.well-e.org\/en\/publication\/alors-on-sort-caracterisation-de-lanticipation-des-vaches-laitieres-pour-un-acces-a-lexterieure\/\" \/>\n<meta property=\"og:site_name\" content=\"WELL-E\" \/>\n<meta property=\"article:modified_time\" content=\"2026-04-29T03:41:17+00:00\" \/>\n<meta name=\"twitter:card\" content=\"summary_large_image\" \/>\n<meta name=\"twitter:label1\" content=\"Est. reading time\" \/>\n\t<meta name=\"twitter:data1\" content=\"2 minutes\" \/>\n<script type=\"application\/ld+json\" class=\"yoast-schema-graph\">{\"@context\":\"https:\\\/\\\/schema.org\",\"@graph\":[{\"@type\":\"WebPage\",\"@id\":\"https:\\\/\\\/wp.well-e.org\\\/publication\\\/alors-on-sort-caracterisation-de-lanticipation-des-vaches-laitieres-pour-un-acces-a-lexterieure\\\/\",\"url\":\"https:\\\/\\\/wp.well-e.org\\\/publication\\\/alors-on-sort-caracterisation-de-lanticipation-des-vaches-laitieres-pour-un-acces-a-lexterieure\\\/\",\"name\":\"Alors, on sort? Caract\u00e9risation de l'anticipation des vaches laiti\u00e8res pour un acc\u00e8s \u00e0 l'ext\u00e9rieure - WELL-E\",\"isPartOf\":{\"@id\":\"https:\\\/\\\/wp.well-e.org\\\/#website\"},\"datePublished\":\"2025-10-30T18:20:31+00:00\",\"dateModified\":\"2026-04-29T03:41:17+00:00\",\"breadcrumb\":{\"@id\":\"https:\\\/\\\/wp.well-e.org\\\/publication\\\/alors-on-sort-caracterisation-de-lanticipation-des-vaches-laitieres-pour-un-acces-a-lexterieure\\\/#breadcrumb\"},\"inLanguage\":\"en-CA\",\"potentialAction\":[{\"@type\":\"ReadAction\",\"target\":[\"https:\\\/\\\/wp.well-e.org\\\/publication\\\/alors-on-sort-caracterisation-de-lanticipation-des-vaches-laitieres-pour-un-acces-a-lexterieure\\\/\"]}]},{\"@type\":\"BreadcrumbList\",\"@id\":\"https:\\\/\\\/wp.well-e.org\\\/publication\\\/alors-on-sort-caracterisation-de-lanticipation-des-vaches-laitieres-pour-un-acces-a-lexterieure\\\/#breadcrumb\",\"itemListElement\":[{\"@type\":\"ListItem\",\"position\":1,\"name\":\"Home\",\"item\":\"https:\\\/\\\/wp.well-e.org\\\/\"},{\"@type\":\"ListItem\",\"position\":2,\"name\":\"Publications\",\"item\":\"https:\\\/\\\/wp.well-e.org\\\/publication\\\/\"},{\"@type\":\"ListItem\",\"position\":3,\"name\":\"Alors, on sort? Caract\u00e9risation de l&#8217;anticipation des vaches laiti\u00e8res pour un acc\u00e8s \u00e0 l&#8217;ext\u00e9rieure\"}]},{\"@type\":\"WebSite\",\"@id\":\"https:\\\/\\\/wp.well-e.org\\\/#website\",\"url\":\"https:\\\/\\\/wp.well-e.org\\\/\",\"name\":\"WELL-E\",\"description\":\"IA au service du bien-&ecirc;tre animal\",\"publisher\":{\"@id\":\"https:\\\/\\\/wp.well-e.org\\\/#organization\"},\"potentialAction\":[{\"@type\":\"SearchAction\",\"target\":{\"@type\":\"EntryPoint\",\"urlTemplate\":\"https:\\\/\\\/wp.well-e.org\\\/?s={search_term_string}\"},\"query-input\":{\"@type\":\"PropertyValueSpecification\",\"valueRequired\":true,\"valueName\":\"search_term_string\"}}],\"inLanguage\":\"en-CA\"},{\"@type\":\"Organization\",\"@id\":\"https:\\\/\\\/wp.well-e.org\\\/#organization\",\"name\":\"WELL-E\",\"url\":\"https:\\\/\\\/wp.well-e.org\\\/\",\"logo\":{\"@type\":\"ImageObject\",\"inLanguage\":\"en-CA\",\"@id\":\"https:\\\/\\\/wp.well-e.org\\\/#\\\/schema\\\/logo\\\/image\\\/\",\"url\":\"https:\\\/\\\/wp.well-e.org\\\/wp-content\\\/uploads\\\/2024\\\/05\\\/LOGOTYPETAG_Left_RVB_FR-edited-1-e1718738358443.png\",\"contentUrl\":\"https:\\\/\\\/wp.well-e.org\\\/wp-content\\\/uploads\\\/2024\\\/05\\\/LOGOTYPETAG_Left_RVB_FR-edited-1-e1718738358443.png\",\"width\":1000,\"height\":250,\"caption\":\"WELL-E\"},\"image\":{\"@id\":\"https:\\\/\\\/wp.well-e.org\\\/#\\\/schema\\\/logo\\\/image\\\/\"},\"sameAs\":[\"https:\\\/\\\/www.linkedin.com\\\/company\\\/research-and-innovation-chair-in-animal-welfare-and-artificial-intelligence-well-e\"]}]}<\/script>\n<!-- \/ Yoast SEO plugin. -->","yoast_head_json":{"title":"Alors, on sort? Caract\u00e9risation de l'anticipation des vaches laiti\u00e8res pour un acc\u00e8s \u00e0 l'ext\u00e9rieure - WELL-E","robots":{"index":"index","follow":"follow","max-snippet":"max-snippet:-1","max-image-preview":"max-image-preview:large","max-video-preview":"max-video-preview:-1"},"canonical":"https:\/\/wp.well-e.org\/en\/publication\/alors-on-sort-caracterisation-de-lanticipation-des-vaches-laitieres-pour-un-acces-a-lexterieure\/","og_locale":"en_US","og_type":"article","og_title":"Alors, on sort? Caract\u00e9risation de l'anticipation des vaches laiti\u00e8res pour un acc\u00e8s \u00e0 l'ext\u00e9rieure - WELL-E","og_description":"Authors: M. Cellier and N. Aigueperse and E. Vasseur Date: 2023-10-01 Status: Published View External Publication L&#039;acc\u00e8s r\u00e9gulier \u00e0 une aire d\u2019exercice ext\u00e9rieure peut \u00eatre vu comme un enrichissement, mais il n\u2019est pas clair comment les vaches le per\u00e7oivent. Notre \u00e9tude vise \u00e0 caract\u00e9riser les comportements d&#039;anticipation de vaches avec opportunit\u00e9s de mouvement limit\u00e9es quand [&hellip;]","og_url":"https:\/\/wp.well-e.org\/en\/publication\/alors-on-sort-caracterisation-de-lanticipation-des-vaches-laitieres-pour-un-acces-a-lexterieure\/","og_site_name":"WELL-E","article_modified_time":"2026-04-29T03:41:17+00:00","twitter_card":"summary_large_image","twitter_misc":{"Est. reading time":"2 minutes"},"schema":{"@context":"https:\/\/schema.org","@graph":[{"@type":"WebPage","@id":"https:\/\/wp.well-e.org\/publication\/alors-on-sort-caracterisation-de-lanticipation-des-vaches-laitieres-pour-un-acces-a-lexterieure\/","url":"https:\/\/wp.well-e.org\/publication\/alors-on-sort-caracterisation-de-lanticipation-des-vaches-laitieres-pour-un-acces-a-lexterieure\/","name":"Alors, on sort? Caract\u00e9risation de l'anticipation des vaches laiti\u00e8res pour un acc\u00e8s \u00e0 l'ext\u00e9rieure - WELL-E","isPartOf":{"@id":"https:\/\/wp.well-e.org\/#website"},"datePublished":"2025-10-30T18:20:31+00:00","dateModified":"2026-04-29T03:41:17+00:00","breadcrumb":{"@id":"https:\/\/wp.well-e.org\/publication\/alors-on-sort-caracterisation-de-lanticipation-des-vaches-laitieres-pour-un-acces-a-lexterieure\/#breadcrumb"},"inLanguage":"en-CA","potentialAction":[{"@type":"ReadAction","target":["https:\/\/wp.well-e.org\/publication\/alors-on-sort-caracterisation-de-lanticipation-des-vaches-laitieres-pour-un-acces-a-lexterieure\/"]}]},{"@type":"BreadcrumbList","@id":"https:\/\/wp.well-e.org\/publication\/alors-on-sort-caracterisation-de-lanticipation-des-vaches-laitieres-pour-un-acces-a-lexterieure\/#breadcrumb","itemListElement":[{"@type":"ListItem","position":1,"name":"Home","item":"https:\/\/wp.well-e.org\/"},{"@type":"ListItem","position":2,"name":"Publications","item":"https:\/\/wp.well-e.org\/publication\/"},{"@type":"ListItem","position":3,"name":"Alors, on sort? Caract\u00e9risation de l&#8217;anticipation des vaches laiti\u00e8res pour un acc\u00e8s \u00e0 l&#8217;ext\u00e9rieure"}]},{"@type":"WebSite","@id":"https:\/\/wp.well-e.org\/#website","url":"https:\/\/wp.well-e.org\/","name":"WELL-E","description":"IA au service du bien-&ecirc;tre animal","publisher":{"@id":"https:\/\/wp.well-e.org\/#organization"},"potentialAction":[{"@type":"SearchAction","target":{"@type":"EntryPoint","urlTemplate":"https:\/\/wp.well-e.org\/?s={search_term_string}"},"query-input":{"@type":"PropertyValueSpecification","valueRequired":true,"valueName":"search_term_string"}}],"inLanguage":"en-CA"},{"@type":"Organization","@id":"https:\/\/wp.well-e.org\/#organization","name":"WELL-E","url":"https:\/\/wp.well-e.org\/","logo":{"@type":"ImageObject","inLanguage":"en-CA","@id":"https:\/\/wp.well-e.org\/#\/schema\/logo\/image\/","url":"https:\/\/wp.well-e.org\/wp-content\/uploads\/2024\/05\/LOGOTYPETAG_Left_RVB_FR-edited-1-e1718738358443.png","contentUrl":"https:\/\/wp.well-e.org\/wp-content\/uploads\/2024\/05\/LOGOTYPETAG_Left_RVB_FR-edited-1-e1718738358443.png","width":1000,"height":250,"caption":"WELL-E"},"image":{"@id":"https:\/\/wp.well-e.org\/#\/schema\/logo\/image\/"},"sameAs":["https:\/\/www.linkedin.com\/company\/research-and-innovation-chair-in-animal-welfare-and-artificial-intelligence-well-e"]}]}},"_links":{"self":[{"href":"https:\/\/wp.well-e.org\/en\/wp-json\/wp\/v2\/publication\/2009","targetHints":{"allow":["GET"]}}],"collection":[{"href":"https:\/\/wp.well-e.org\/en\/wp-json\/wp\/v2\/publication"}],"about":[{"href":"https:\/\/wp.well-e.org\/en\/wp-json\/wp\/v2\/types\/publication"}],"wp:attachment":[{"href":"https:\/\/wp.well-e.org\/en\/wp-json\/wp\/v2\/media?parent=2009"}],"curies":[{"name":"wp","href":"https:\/\/api.w.org\/{rel}","templated":true}]}}

Alors, on sort? Caractérisation de l&rsquo;anticipation des vaches laitières pour un accès à l&rsquo;extérieure

<p><strong>Authors:</strong> M. Cellier and N. Aigueperse and E. Vasseur</p>
<p><strong>Date:</strong> 2023-10-01</p>
<p><strong>Status:</strong> Published</p>
<p><a href="https://www.oplait.org/activites-galactinnov" target="_blank" rel="noopener">View External Publication</a></p>
<hr>
<p>L&#039;accès régulier à une aire d’exercice extérieure peut être vu comme un enrichissement, mais il n’est pas clair comment les vaches le perçoivent. Notre étude vise à caractériser les comportements d&#039;anticipation de vaches avec opportunités de mouvement limitées quand un accès à une aire d’exercice extérieure leur est offert. Au cours de 2 essais indépendants, 32 vaches ont été divisées en 2 groupes : les contrôles (C; n=8 pour l’essai 1 (E1) et l’essai 2 (E2)) restant à l&#039;intérieur, et les traitements (T; n=8 pour E1 et E2) sortant à l&#039;extérieur 5j/sem pendant 8 semaines. Les sorties combinaient différentes durées de sortie et superficies d’aire. Des indices de sortie (e.g., préparation des allées) ont été mis en place 20min avant que les vaches ne sortent. Des enregistrements vidéo ont été faits pendant cette période pour relever les comportements liés à l’activité générale (ex : manger, boire), les comportements anticipatoires (ex : regarder la porte, piétiner) ainsi que les positions des oreilles (ex : en avant). Le nombre de changements comportementaux et de positions d’oreilles a également été calculé. Une analyse en composante principales a ensuite été réalisée sur les fréquences et les durées des comportements. Pour E1 et E2, les deux mêmes dimensions ont été trouvées : la dimension 1 opposant le repos à l’agitation, et la dimension 2 opposant la vigilance et le maintien de l’activité habituelle. Lors de E1, les C étaient plutôt au repos et maintenaient leurs activités habituelles tandis que les T étaient plutôt agitées et vigilantes. Au contraire, lors de E2, les C étaient plutôt agités (et maintenaient leurs activités habituelles) alors que les T étaient plutôt au repos (et vigilantes). Étudier des périodes ciblées (ex : les 5 premières minutes après les indices de sortie) ou utiliser d’autres types d’analyse (ex : les séries temporelles) pourrait permettre de mieux détailler et comprendre l&#039;anticipation. Combinée à des indicateurs comme la motivation, elle participerait à évaluer la valence d’un enrichissement pour les vaches.</p>

<!-- This site is optimized with the Yoast SEO plugin v27.4 - https://yoast.com/product/yoast-seo-wordpress/ -->
<title>Alors, on sort? Caractérisation de l&#039;anticipation des vaches laitières pour un accès à l&#039;extérieure - WELL-E</title>
<meta name="robots" content="index, follow, max-snippet:-1, max-image-preview:large, max-video-preview:-1" />
<link rel="canonical" href="https://wp.well-e.org/en/publication/alors-on-sort-caracterisation-de-lanticipation-des-vaches-laitieres-pour-un-acces-a-lexterieure/" />
<meta property="og:locale" content="en_US" />
<meta property="og:type" content="article" />
<meta property="og:title" content="Alors, on sort? Caractérisation de l&#039;anticipation des vaches laitières pour un accès à l&#039;extérieure - WELL-E" />
<meta property="og:description" content="Authors: M. Cellier and N. Aigueperse and E. Vasseur Date: 2023-10-01 Status: Published View External Publication L&#039;accès régulier à une aire d’exercice extérieure peut être vu comme un enrichissement, mais il n’est pas clair comment les vaches le perçoivent. Notre étude vise à caractériser les comportements d&#039;anticipation de vaches avec opportunités de mouvement limitées quand [&hellip;]" />
<meta property="og:url" content="https://wp.well-e.org/en/publication/alors-on-sort-caracterisation-de-lanticipation-des-vaches-laitieres-pour-un-acces-a-lexterieure/" />
<meta property="og:site_name" content="WELL-E" />
<meta property="article:modified_time" content="2026-04-29T03:41:17+00:00" />
<meta name="twitter:card" content="summary_large_image" />
<meta name="twitter:label1" content="Est. reading time" />
	<meta name="twitter:data1" content="2 minutes" />
<script type="application/ld+json" class="yoast-schema-graph">{"@context":"https:\/\/schema.org","@graph":[{"@type":"WebPage","@id":"https:\/\/wp.well-e.org\/publication\/alors-on-sort-caracterisation-de-lanticipation-des-vaches-laitieres-pour-un-acces-a-lexterieure\/","url":"https:\/\/wp.well-e.org\/publication\/alors-on-sort-caracterisation-de-lanticipation-des-vaches-laitieres-pour-un-acces-a-lexterieure\/","name":"Alors, on sort? Caractérisation de l'anticipation des vaches laitières pour un accès à l'extérieure - WELL-E","isPartOf":{"@id":"https:\/\/wp.well-e.org\/#website"},"datePublished":"2025-10-30T18:20:31+00:00","dateModified":"2026-04-29T03:41:17+00:00","breadcrumb":{"@id":"https:\/\/wp.well-e.org\/publication\/alors-on-sort-caracterisation-de-lanticipation-des-vaches-laitieres-pour-un-acces-a-lexterieure\/#breadcrumb"},"inLanguage":"en-CA","potentialAction":[{"@type":"ReadAction","target":["https:\/\/wp.well-e.org\/publication\/alors-on-sort-caracterisation-de-lanticipation-des-vaches-laitieres-pour-un-acces-a-lexterieure\/"]}]},{"@type":"BreadcrumbList","@id":"https:\/\/wp.well-e.org\/publication\/alors-on-sort-caracterisation-de-lanticipation-des-vaches-laitieres-pour-un-acces-a-lexterieure\/#breadcrumb","itemListElement":[{"@type":"ListItem","position":1,"name":"Home","item":"https:\/\/wp.well-e.org\/"},{"@type":"ListItem","position":2,"name":"Publications","item":"https:\/\/wp.well-e.org\/publication\/"},{"@type":"ListItem","position":3,"name":"Alors, on sort? Caractérisation de l&#8217;anticipation des vaches laitières pour un accès à l&#8217;extérieure"}]},{"@type":"WebSite","@id":"https:\/\/wp.well-e.org\/#website","url":"https:\/\/wp.well-e.org\/","name":"WELL-E","description":"IA au service du bien-&ecirc;tre animal","publisher":{"@id":"https:\/\/wp.well-e.org\/#organization"},"potentialAction":[{"@type":"SearchAction","target":{"@type":"EntryPoint","urlTemplate":"https:\/\/wp.well-e.org\/?s={search_term_string}"},"query-input":{"@type":"PropertyValueSpecification","valueRequired":true,"valueName":"search_term_string"}}],"inLanguage":"en-CA"},{"@type":"Organization","@id":"https:\/\/wp.well-e.org\/#organization","name":"WELL-E","url":"https:\/\/wp.well-e.org\/","logo":{"@type":"ImageObject","inLanguage":"en-CA","@id":"https:\/\/wp.well-e.org\/#\/schema\/logo\/image\/","url":"https:\/\/wp.well-e.org\/wp-content\/uploads\/2024\/05\/LOGOTYPETAG_Left_RVB_FR-edited-1-e1718738358443.png","contentUrl":"https:\/\/wp.well-e.org\/wp-content\/uploads\/2024\/05\/LOGOTYPETAG_Left_RVB_FR-edited-1-e1718738358443.png","width":1000,"height":250,"caption":"WELL-E"},"image":{"@id":"https:\/\/wp.well-e.org\/#\/schema\/logo\/image\/"},"sameAs":["https:\/\/www.linkedin.com\/company\/research-and-innovation-chair-in-animal-welfare-and-artificial-intelligence-well-e"]}]}</script>
<!-- / Yoast SEO plugin. -->

Alors, on sort? Caractérisation de l'anticipation des vaches laitières pour un accès à l'extérieure - WELL-E

Authors: M. Cellier and N. Aigueperse and E. Vasseur Date: 2023-10-01 Status: Published View External Publication L&#039;accès régulier à une aire d’exercice extérieure peut être vu comme un enrichissement, mais il n’est pas clair comment les vaches le perçoivent. Notre étude vise à caractériser les comportements d&#039;anticipation de vaches avec opportunités de mouvement limitées quand [&hellip;]

Alors, on sort? Caractérisation de l&#8217;anticipation des vaches laitières pour un accès à l&#8217;extérieure
