{"id":1951,"date":"2025-10-30T14:20:26","date_gmt":"2025-10-30T18:20:26","guid":{"rendered":"https:\/\/wp.well-e.org\/publication\/is-there-a-right-time-for-dairy-alpine-goat-kid-weaning-how-does-the-weaning-age-of-dairy-alpine-goat-kids-affect-their-growth-and-behavior\/"},"modified":"2026-04-28T23:41:15","modified_gmt":"2026-04-29T03:41:15","slug":"is-there-a-right-time-for-dairy-alpine-goat-kid-weaning-how-does-the-weaning-age-of-dairy-alpine-goat-kids-affect-their-growth-and-behavior","status":"publish","type":"publication","link":"https:\/\/wp.well-e.org\/fr\/publication\/is-there-a-right-time-for-dairy-alpine-goat-kid-weaning-how-does-the-weaning-age-of-dairy-alpine-goat-kids-affect-their-growth-and-behavior\/","title":{"rendered":"Is there a right time for dairy Alpine goat kid weaning: How does the weaning age of dairy Alpine goat kids affect their growth and behavior?"},"content":{"rendered":"<p><strong>Authors:<\/strong> St\u00e9phanie B\u00e9langer-Naud and Tania Wolfe and Athena Zambelis and Janie L\u00e9vesque and Carl Julien and Elsa Vasseur<\/p>\n<p><strong>Date:<\/strong> 2024-01-01<\/p>\n<p><strong>Journal:<\/strong> Journal of Animal Science<\/p>\n<p><strong>Status:<\/strong> Published<\/p>\n<p><strong>DOI:<\/strong> 10.1093\/jas\/skad413<\/p>\n<p><a href=\"https:\/\/academic.oup.com\/jas\/article\/doi\/10.1093\/jas\/skad413\/7492733\" target=\"_blank\" rel=\"noopener\">View External Publication<\/a><\/p>\n<hr>\n<p>Abstract In dairy goat kids, weaning is often associated with poor growth leading to a decline in welfare and performance; however, little is known about optimal weaning practices. This study aimed to determine the optimal weaning age for dairy goat kids to maximize outcome measures of welfare related to growth, feed intake, and behavior. Thirty-six newborn female Alpine kids were blocked by weight and birth date, paired with a similar male companion and randomly allocated to one of the three weaning age treatments: 6 (6W), 8 (8W), and 10\u00a0wk (10W). Kids had ad libitum access to acidified milk replacer refilled twice daily, concentrates, hay, and water. Milk consumption was measured daily, and concentrate consumption, weekly. Ten behaviors were live observed on days \u22128, \u22124, 0, 6, and 12 relative to weaning (i.e., weaning day\u2005=\u20050). Kruskal\u2013Wallis tests were used to assess differences from baseline between the 6W, 8W, and 10W treatments. Post hoc analysis using the Dwass, Steel, Critchlow-Fligner (DSCF) multiple comparison analysis was used to evaluate pairwise treatment differences based on two-sample Wilcoxon comparisons. Kids weaned at 10\u00a0wk had the greatest increase compared to baseline in concentrate consumption (P\u2005=\u20050.0160), and greatest decrease compared to baseline in vocalization (P\u2005=\u20050.0008) while both 8- and 10- wk kid\u2019s groups had the greatest increase compared to baseline in self-grooming time (P\u2005&amp;lt;\u20050.0001), and cross-sucking time (P\u2005=\u20050.0006). Kids weaned at 6\u00a0wk of age were found to have the smallest increase compared to baseline in concentrate consumption (P\u2005=\u20050.0160) and self-grooming time (P\u2005&amp;lt;\u20050.0001), and the greatest increase compared to baseline in allogrooming time (P\u2005=\u20050.0032) and in redirected behaviors aimed towards the environment (biting and licking time [P\u2005=\u20050.0173]; displacement at the nipple frequency [P\u2005=\u20050.0236]). No negative impact of weaning on growth of either group was identified. Overall, our results tend towards a higher degree of discomfort behaviors (allogrooming, biting\/licking, displacement, and vocalizations) in kids weaned earlier compared to later weaning, while kids weaned later showed higher levels of positive behaviors (lying time and self-grooming).<\/p>\n","protected":false},"template":"","meta":{"_acf_changed":false,"_crdt_document":""},"class_list":["post-1951","publication","type-publication","status-publish","hentry"],"blocksy_meta":[],"acf":[],"yoast_head":"<!-- This site is optimized with the Yoast SEO plugin v27.4 - https:\/\/yoast.com\/product\/yoast-seo-wordpress\/ -->\n<title>Is there a right time for dairy Alpine goat kid weaning: How does the weaning age of dairy Alpine goat kids affect their growth and behavior? - WELL-E<\/title>\n<meta name=\"robots\" content=\"index, follow, max-snippet:-1, max-image-preview:large, max-video-preview:-1\" \/>\n<link rel=\"canonical\" href=\"https:\/\/wp.well-e.org\/fr\/publication\/is-there-a-right-time-for-dairy-alpine-goat-kid-weaning-how-does-the-weaning-age-of-dairy-alpine-goat-kids-affect-their-growth-and-behavior\/\" \/>\n<meta property=\"og:locale\" content=\"fr_CA\" \/>\n<meta property=\"og:type\" content=\"article\" \/>\n<meta property=\"og:title\" content=\"Is there a right time for dairy Alpine goat kid weaning: How does the weaning age of dairy Alpine goat kids affect their growth and behavior? - WELL-E\" \/>\n<meta property=\"og:description\" content=\"Authors: St\u00e9phanie B\u00e9langer-Naud and Tania Wolfe and Athena Zambelis and Janie L\u00e9vesque and Carl Julien and Elsa Vasseur Date: 2024-01-01 Journal: Journal of Animal Science Status: Published DOI: 10.1093\/jas\/skad413 View External Publication Abstract In dairy goat kids, weaning is often associated with poor growth leading to a decline in welfare and performance; however, little is [&hellip;]\" \/>\n<meta property=\"og:url\" content=\"https:\/\/wp.well-e.org\/fr\/publication\/is-there-a-right-time-for-dairy-alpine-goat-kid-weaning-how-does-the-weaning-age-of-dairy-alpine-goat-kids-affect-their-growth-and-behavior\/\" \/>\n<meta property=\"og:site_name\" content=\"WELL-E\" \/>\n<meta property=\"article:modified_time\" content=\"2026-04-29T03:41:15+00:00\" \/>\n<meta name=\"twitter:card\" content=\"summary_large_image\" \/>\n<meta name=\"twitter:label1\" content=\"Est. reading time\" \/>\n\t<meta name=\"twitter:data1\" content=\"2 minutes\" \/>\n<script type=\"application\/ld+json\" class=\"yoast-schema-graph\">{\"@context\":\"https:\\\/\\\/schema.org\",\"@graph\":[{\"@type\":\"WebPage\",\"@id\":\"https:\\\/\\\/wp.well-e.org\\\/publication\\\/is-there-a-right-time-for-dairy-alpine-goat-kid-weaning-how-does-the-weaning-age-of-dairy-alpine-goat-kids-affect-their-growth-and-behavior\\\/\",\"url\":\"https:\\\/\\\/wp.well-e.org\\\/publication\\\/is-there-a-right-time-for-dairy-alpine-goat-kid-weaning-how-does-the-weaning-age-of-dairy-alpine-goat-kids-affect-their-growth-and-behavior\\\/\",\"name\":\"Is there a right time for dairy Alpine goat kid weaning: How does the weaning age of dairy Alpine goat kids affect their growth and behavior? - WELL-E\",\"isPartOf\":{\"@id\":\"https:\\\/\\\/wp.well-e.org\\\/#website\"},\"datePublished\":\"2025-10-30T18:20:26+00:00\",\"dateModified\":\"2026-04-29T03:41:15+00:00\",\"breadcrumb\":{\"@id\":\"https:\\\/\\\/wp.well-e.org\\\/publication\\\/is-there-a-right-time-for-dairy-alpine-goat-kid-weaning-how-does-the-weaning-age-of-dairy-alpine-goat-kids-affect-their-growth-and-behavior\\\/#breadcrumb\"},\"inLanguage\":\"fr-CA\",\"potentialAction\":[{\"@type\":\"ReadAction\",\"target\":[\"https:\\\/\\\/wp.well-e.org\\\/publication\\\/is-there-a-right-time-for-dairy-alpine-goat-kid-weaning-how-does-the-weaning-age-of-dairy-alpine-goat-kids-affect-their-growth-and-behavior\\\/\"]}]},{\"@type\":\"BreadcrumbList\",\"@id\":\"https:\\\/\\\/wp.well-e.org\\\/publication\\\/is-there-a-right-time-for-dairy-alpine-goat-kid-weaning-how-does-the-weaning-age-of-dairy-alpine-goat-kids-affect-their-growth-and-behavior\\\/#breadcrumb\",\"itemListElement\":[{\"@type\":\"ListItem\",\"position\":1,\"name\":\"Home\",\"item\":\"https:\\\/\\\/wp.well-e.org\\\/\"},{\"@type\":\"ListItem\",\"position\":2,\"name\":\"Publications\",\"item\":\"https:\\\/\\\/wp.well-e.org\\\/publication\\\/\"},{\"@type\":\"ListItem\",\"position\":3,\"name\":\"Is there a right time for dairy Alpine goat kid weaning: How does the weaning age of dairy Alpine goat kids affect their growth and behavior?\"}]},{\"@type\":\"WebSite\",\"@id\":\"https:\\\/\\\/wp.well-e.org\\\/#website\",\"url\":\"https:\\\/\\\/wp.well-e.org\\\/\",\"name\":\"WELL-E\",\"description\":\"IA au service du bien-&ecirc;tre animal\",\"publisher\":{\"@id\":\"https:\\\/\\\/wp.well-e.org\\\/#organization\"},\"potentialAction\":[{\"@type\":\"SearchAction\",\"target\":{\"@type\":\"EntryPoint\",\"urlTemplate\":\"https:\\\/\\\/wp.well-e.org\\\/?s={search_term_string}\"},\"query-input\":{\"@type\":\"PropertyValueSpecification\",\"valueRequired\":true,\"valueName\":\"search_term_string\"}}],\"inLanguage\":\"fr-CA\"},{\"@type\":\"Organization\",\"@id\":\"https:\\\/\\\/wp.well-e.org\\\/#organization\",\"name\":\"WELL-E\",\"url\":\"https:\\\/\\\/wp.well-e.org\\\/\",\"logo\":{\"@type\":\"ImageObject\",\"inLanguage\":\"fr-CA\",\"@id\":\"https:\\\/\\\/wp.well-e.org\\\/#\\\/schema\\\/logo\\\/image\\\/\",\"url\":\"https:\\\/\\\/wp.well-e.org\\\/wp-content\\\/uploads\\\/2024\\\/05\\\/LOGOTYPETAG_Left_RVB_FR-edited-1-e1718738358443.png\",\"contentUrl\":\"https:\\\/\\\/wp.well-e.org\\\/wp-content\\\/uploads\\\/2024\\\/05\\\/LOGOTYPETAG_Left_RVB_FR-edited-1-e1718738358443.png\",\"width\":1000,\"height\":250,\"caption\":\"WELL-E\"},\"image\":{\"@id\":\"https:\\\/\\\/wp.well-e.org\\\/#\\\/schema\\\/logo\\\/image\\\/\"},\"sameAs\":[\"https:\\\/\\\/www.linkedin.com\\\/company\\\/research-and-innovation-chair-in-animal-welfare-and-artificial-intelligence-well-e\"]}]}<\/script>\n<!-- \/ Yoast SEO plugin. -->","yoast_head_json":{"title":"Is there a right time for dairy Alpine goat kid weaning: How does the weaning age of dairy Alpine goat kids affect their growth and behavior? - WELL-E","robots":{"index":"index","follow":"follow","max-snippet":"max-snippet:-1","max-image-preview":"max-image-preview:large","max-video-preview":"max-video-preview:-1"},"canonical":"https:\/\/wp.well-e.org\/fr\/publication\/is-there-a-right-time-for-dairy-alpine-goat-kid-weaning-how-does-the-weaning-age-of-dairy-alpine-goat-kids-affect-their-growth-and-behavior\/","og_locale":"fr_CA","og_type":"article","og_title":"Is there a right time for dairy Alpine goat kid weaning: How does the weaning age of dairy Alpine goat kids affect their growth and behavior? - WELL-E","og_description":"Authors: St\u00e9phanie B\u00e9langer-Naud and Tania Wolfe and Athena Zambelis and Janie L\u00e9vesque and Carl Julien and Elsa Vasseur Date: 2024-01-01 Journal: Journal of Animal Science Status: Published DOI: 10.1093\/jas\/skad413 View External Publication Abstract In dairy goat kids, weaning is often associated with poor growth leading to a decline in welfare and performance; however, little is [&hellip;]","og_url":"https:\/\/wp.well-e.org\/fr\/publication\/is-there-a-right-time-for-dairy-alpine-goat-kid-weaning-how-does-the-weaning-age-of-dairy-alpine-goat-kids-affect-their-growth-and-behavior\/","og_site_name":"WELL-E","article_modified_time":"2026-04-29T03:41:15+00:00","twitter_card":"summary_large_image","twitter_misc":{"Est. reading time":"2 minutes"},"schema":{"@context":"https:\/\/schema.org","@graph":[{"@type":"WebPage","@id":"https:\/\/wp.well-e.org\/publication\/is-there-a-right-time-for-dairy-alpine-goat-kid-weaning-how-does-the-weaning-age-of-dairy-alpine-goat-kids-affect-their-growth-and-behavior\/","url":"https:\/\/wp.well-e.org\/publication\/is-there-a-right-time-for-dairy-alpine-goat-kid-weaning-how-does-the-weaning-age-of-dairy-alpine-goat-kids-affect-their-growth-and-behavior\/","name":"Is there a right time for dairy Alpine goat kid weaning: How does the weaning age of dairy Alpine goat kids affect their growth and behavior? - WELL-E","isPartOf":{"@id":"https:\/\/wp.well-e.org\/#website"},"datePublished":"2025-10-30T18:20:26+00:00","dateModified":"2026-04-29T03:41:15+00:00","breadcrumb":{"@id":"https:\/\/wp.well-e.org\/publication\/is-there-a-right-time-for-dairy-alpine-goat-kid-weaning-how-does-the-weaning-age-of-dairy-alpine-goat-kids-affect-their-growth-and-behavior\/#breadcrumb"},"inLanguage":"fr-CA","potentialAction":[{"@type":"ReadAction","target":["https:\/\/wp.well-e.org\/publication\/is-there-a-right-time-for-dairy-alpine-goat-kid-weaning-how-does-the-weaning-age-of-dairy-alpine-goat-kids-affect-their-growth-and-behavior\/"]}]},{"@type":"BreadcrumbList","@id":"https:\/\/wp.well-e.org\/publication\/is-there-a-right-time-for-dairy-alpine-goat-kid-weaning-how-does-the-weaning-age-of-dairy-alpine-goat-kids-affect-their-growth-and-behavior\/#breadcrumb","itemListElement":[{"@type":"ListItem","position":1,"name":"Home","item":"https:\/\/wp.well-e.org\/"},{"@type":"ListItem","position":2,"name":"Publications","item":"https:\/\/wp.well-e.org\/publication\/"},{"@type":"ListItem","position":3,"name":"Is there a right time for dairy Alpine goat kid weaning: How does the weaning age of dairy Alpine goat kids affect their growth and behavior?"}]},{"@type":"WebSite","@id":"https:\/\/wp.well-e.org\/#website","url":"https:\/\/wp.well-e.org\/","name":"WELL-E","description":"IA au service du bien-&ecirc;tre animal","publisher":{"@id":"https:\/\/wp.well-e.org\/#organization"},"potentialAction":[{"@type":"SearchAction","target":{"@type":"EntryPoint","urlTemplate":"https:\/\/wp.well-e.org\/?s={search_term_string}"},"query-input":{"@type":"PropertyValueSpecification","valueRequired":true,"valueName":"search_term_string"}}],"inLanguage":"fr-CA"},{"@type":"Organization","@id":"https:\/\/wp.well-e.org\/#organization","name":"WELL-E","url":"https:\/\/wp.well-e.org\/","logo":{"@type":"ImageObject","inLanguage":"fr-CA","@id":"https:\/\/wp.well-e.org\/#\/schema\/logo\/image\/","url":"https:\/\/wp.well-e.org\/wp-content\/uploads\/2024\/05\/LOGOTYPETAG_Left_RVB_FR-edited-1-e1718738358443.png","contentUrl":"https:\/\/wp.well-e.org\/wp-content\/uploads\/2024\/05\/LOGOTYPETAG_Left_RVB_FR-edited-1-e1718738358443.png","width":1000,"height":250,"caption":"WELL-E"},"image":{"@id":"https:\/\/wp.well-e.org\/#\/schema\/logo\/image\/"},"sameAs":["https:\/\/www.linkedin.com\/company\/research-and-innovation-chair-in-animal-welfare-and-artificial-intelligence-well-e"]}]}},"_links":{"self":[{"href":"https:\/\/wp.well-e.org\/fr\/wp-json\/wp\/v2\/publication\/1951","targetHints":{"allow":["GET"]}}],"collection":[{"href":"https:\/\/wp.well-e.org\/fr\/wp-json\/wp\/v2\/publication"}],"about":[{"href":"https:\/\/wp.well-e.org\/fr\/wp-json\/wp\/v2\/types\/publication"}],"wp:attachment":[{"href":"https:\/\/wp.well-e.org\/fr\/wp-json\/wp\/v2\/media?parent=1951"}],"curies":[{"name":"wp","href":"https:\/\/api.w.org\/{rel}","templated":true}]}}

<p><strong>Authors:</strong> Stéphanie Bélanger-Naud and Tania Wolfe and Athena Zambelis and Janie Lévesque and Carl Julien and Elsa Vasseur</p>
<p><strong>Date:</strong> 2024-01-01</p>
<p><strong>Journal:</strong> Journal of Animal Science</p>
<p><strong>Status:</strong> Published</p>
<p><strong>DOI:</strong> 10.1093/jas/skad413</p>
<p><a href="https://academic.oup.com/jas/article/doi/10.1093/jas/skad413/7492733" target="_blank" rel="noopener">View External Publication</a></p>
<hr>
<p>Abstract In dairy goat kids, weaning is often associated with poor growth leading to a decline in welfare and performance; however, little is known about optimal weaning practices. This study aimed to determine the optimal weaning age for dairy goat kids to maximize outcome measures of welfare related to growth, feed intake, and behavior. Thirty-six newborn female Alpine kids were blocked by weight and birth date, paired with a similar male companion and randomly allocated to one of the three weaning age treatments: 6 (6W), 8 (8W), and 10 wk (10W). Kids had ad libitum access to acidified milk replacer refilled twice daily, concentrates, hay, and water. Milk consumption was measured daily, and concentrate consumption, weekly. Ten behaviors were live observed on days −8, −4, 0, 6, and 12 relative to weaning (i.e., weaning day = 0). Kruskal–Wallis tests were used to assess differences from baseline between the 6W, 8W, and 10W treatments. Post hoc analysis using the Dwass, Steel, Critchlow-Fligner (DSCF) multiple comparison analysis was used to evaluate pairwise treatment differences based on two-sample Wilcoxon comparisons. Kids weaned at 10 wk had the greatest increase compared to baseline in concentrate consumption (P = 0.0160), and greatest decrease compared to baseline in vocalization (P = 0.0008) while both 8- and 10- wk kid’s groups had the greatest increase compared to baseline in self-grooming time (P &amp;lt; 0.0001), and cross-sucking time (P = 0.0006). Kids weaned at 6 wk of age were found to have the smallest increase compared to baseline in concentrate consumption (P = 0.0160) and self-grooming time (P &amp;lt; 0.0001), and the greatest increase compared to baseline in allogrooming time (P = 0.0032) and in redirected behaviors aimed towards the environment (biting and licking time [P = 0.0173]; displacement at the nipple frequency [P = 0.0236]). No negative impact of weaning on growth of either group was identified. Overall, our results tend towards a higher degree of discomfort behaviors (allogrooming, biting/licking, displacement, and vocalizations) in kids weaned earlier compared to later weaning, while kids weaned later showed higher levels of positive behaviors (lying time and self-grooming).</p>

<!-- This site is optimized with the Yoast SEO plugin v27.4 - https://yoast.com/product/yoast-seo-wordpress/ -->
<title>Is there a right time for dairy Alpine goat kid weaning: How does the weaning age of dairy Alpine goat kids affect their growth and behavior? - WELL-E</title>
<meta name="robots" content="index, follow, max-snippet:-1, max-image-preview:large, max-video-preview:-1" />
<link rel="canonical" href="https://wp.well-e.org/fr/publication/is-there-a-right-time-for-dairy-alpine-goat-kid-weaning-how-does-the-weaning-age-of-dairy-alpine-goat-kids-affect-their-growth-and-behavior/" />
<meta property="og:locale" content="fr_CA" />
<meta property="og:type" content="article" />
<meta property="og:title" content="Is there a right time for dairy Alpine goat kid weaning: How does the weaning age of dairy Alpine goat kids affect their growth and behavior? - WELL-E" />
<meta property="og:description" content="Authors: Stéphanie Bélanger-Naud and Tania Wolfe and Athena Zambelis and Janie Lévesque and Carl Julien and Elsa Vasseur Date: 2024-01-01 Journal: Journal of Animal Science Status: Published DOI: 10.1093/jas/skad413 View External Publication Abstract In dairy goat kids, weaning is often associated with poor growth leading to a decline in welfare and performance; however, little is [&hellip;]" />
<meta property="og:url" content="https://wp.well-e.org/fr/publication/is-there-a-right-time-for-dairy-alpine-goat-kid-weaning-how-does-the-weaning-age-of-dairy-alpine-goat-kids-affect-their-growth-and-behavior/" />
<meta property="og:site_name" content="WELL-E" />
<meta property="article:modified_time" content="2026-04-29T03:41:15+00:00" />
<meta name="twitter:card" content="summary_large_image" />
<meta name="twitter:label1" content="Est. reading time" />
	<meta name="twitter:data1" content="2 minutes" />
<script type="application/ld+json" class="yoast-schema-graph">{"@context":"https:\/\/schema.org","@graph":[{"@type":"WebPage","@id":"https:\/\/wp.well-e.org\/publication\/is-there-a-right-time-for-dairy-alpine-goat-kid-weaning-how-does-the-weaning-age-of-dairy-alpine-goat-kids-affect-their-growth-and-behavior\/","url":"https:\/\/wp.well-e.org\/publication\/is-there-a-right-time-for-dairy-alpine-goat-kid-weaning-how-does-the-weaning-age-of-dairy-alpine-goat-kids-affect-their-growth-and-behavior\/","name":"Is there a right time for dairy Alpine goat kid weaning: How does the weaning age of dairy Alpine goat kids affect their growth and behavior? - WELL-E","isPartOf":{"@id":"https:\/\/wp.well-e.org\/#website"},"datePublished":"2025-10-30T18:20:26+00:00","dateModified":"2026-04-29T03:41:15+00:00","breadcrumb":{"@id":"https:\/\/wp.well-e.org\/publication\/is-there-a-right-time-for-dairy-alpine-goat-kid-weaning-how-does-the-weaning-age-of-dairy-alpine-goat-kids-affect-their-growth-and-behavior\/#breadcrumb"},"inLanguage":"fr-CA","potentialAction":[{"@type":"ReadAction","target":["https:\/\/wp.well-e.org\/publication\/is-there-a-right-time-for-dairy-alpine-goat-kid-weaning-how-does-the-weaning-age-of-dairy-alpine-goat-kids-affect-their-growth-and-behavior\/"]}]},{"@type":"BreadcrumbList","@id":"https:\/\/wp.well-e.org\/publication\/is-there-a-right-time-for-dairy-alpine-goat-kid-weaning-how-does-the-weaning-age-of-dairy-alpine-goat-kids-affect-their-growth-and-behavior\/#breadcrumb","itemListElement":[{"@type":"ListItem","position":1,"name":"Home","item":"https:\/\/wp.well-e.org\/"},{"@type":"ListItem","position":2,"name":"Publications","item":"https:\/\/wp.well-e.org\/publication\/"},{"@type":"ListItem","position":3,"name":"Is there a right time for dairy Alpine goat kid weaning: How does the weaning age of dairy Alpine goat kids affect their growth and behavior?"}]},{"@type":"WebSite","@id":"https:\/\/wp.well-e.org\/#website","url":"https:\/\/wp.well-e.org\/","name":"WELL-E","description":"IA au service du bien-&ecirc;tre animal","publisher":{"@id":"https:\/\/wp.well-e.org\/#organization"},"potentialAction":[{"@type":"SearchAction","target":{"@type":"EntryPoint","urlTemplate":"https:\/\/wp.well-e.org\/?s={search_term_string}"},"query-input":{"@type":"PropertyValueSpecification","valueRequired":true,"valueName":"search_term_string"}}],"inLanguage":"fr-CA"},{"@type":"Organization","@id":"https:\/\/wp.well-e.org\/#organization","name":"WELL-E","url":"https:\/\/wp.well-e.org\/","logo":{"@type":"ImageObject","inLanguage":"fr-CA","@id":"https:\/\/wp.well-e.org\/#\/schema\/logo\/image\/","url":"https:\/\/wp.well-e.org\/wp-content\/uploads\/2024\/05\/LOGOTYPETAG_Left_RVB_FR-edited-1-e1718738358443.png","contentUrl":"https:\/\/wp.well-e.org\/wp-content\/uploads\/2024\/05\/LOGOTYPETAG_Left_RVB_FR-edited-1-e1718738358443.png","width":1000,"height":250,"caption":"WELL-E"},"image":{"@id":"https:\/\/wp.well-e.org\/#\/schema\/logo\/image\/"},"sameAs":["https:\/\/www.linkedin.com\/company\/research-and-innovation-chair-in-animal-welfare-and-artificial-intelligence-well-e"]}]}</script>
<!-- / Yoast SEO plugin. -->

Authors: Stéphanie Bélanger-Naud and Tania Wolfe and Athena Zambelis and Janie Lévesque and Carl Julien and Elsa Vasseur Date: 2024-01-01 Journal: Journal of Animal Science Status: Published DOI: 10.1093/jas/skad413 View External Publication Abstract In dairy goat kids, weaning is often associated with poor growth leading to a decline in welfare and performance; however, little is [&hellip;]
